{"id":100,"date":"2023-09-01T17:27:40","date_gmt":"2023-09-01T15:27:40","guid":{"rendered":"https:\/\/spectr3.be\/?post_type=product&#038;p=100"},"modified":"2024-03-09T19:56:14","modified_gmt":"2024-03-09T18:56:14","slug":"saint-ursmer-de-lobbes-1200-ans-de-devotion","status":"publish","type":"product","link":"https:\/\/spectr3.be\/index.php\/produit\/saint-ursmer-de-lobbes-1200-ans-de-devotion\/","title":{"rendered":"Saint Ursmer de Lobbes. 1200 ans de d\u00e9votion."},"content":{"rendered":"<p>D\u00e9couvrez le nouveau livre captivant, \u00ab\u00a0Saint Ursmer de Lobbes. 1200 ans de d\u00e9votion\u00a0\u00bb, qui offre une exploration fascinante de la vie, du culte et des multiples repr\u00e9sentations artistiques de Saint Ursmer. Plongez dans l&rsquo;univers riche de ce saint patron embl\u00e9matique \u00e0 travers une analyse approfondie de statues, de reliquaires, de tableaux et d&rsquo;autres tr\u00e9sors artistiques. Voyagez dans le temps pour comprendre l&rsquo;\u00e9volution du culte de Saint Ursmer et son impact sur la soci\u00e9t\u00e9 et la spiritualit\u00e9.<\/p>\n<p>Les auteurs nous guident \u00e0 travers une collection pr\u00e9cieuse d&rsquo;\u0153uvres r\u00e9parties dans diverses \u00e9glises, offrant des descriptions d\u00e9taill\u00e9es et des analyses perspicaces. Des statues en pied aux reliquaires orn\u00e9s, en passant par les vitraux et les missels d\u00e9di\u00e9s, chaque \u00e9l\u00e9ment est \u00e9tudi\u00e9 avec soin pour r\u00e9v\u00e9ler l&rsquo;histoire et la signification de Saint Ursmer dans la culture religieuse.<\/p>\n<p>Plongez dans les r\u00e9cits captivants des miracles associ\u00e9s \u00e0 Saint Ursmer et d\u00e9couvrez comment son culte a influenc\u00e9 l&rsquo;art sacr\u00e9 \u00e0 travers les si\u00e8cles. Ce livre offre une vision unique et compl\u00e8te de l&rsquo;histoire de Saint Ursmer, illustr\u00e9e par des photographies somptueuses qui mettent en lumi\u00e8re la beaut\u00e9 intemporelle de ces \u0153uvres d&rsquo;art.<\/p>\n<p>\u00ab\u00a0Saint Ursmer de Lobbes. 1200 ans de d\u00e9votion\u00a0\u00bb est un incontournable pour les amateurs d&rsquo;histoire de l&rsquo;art et tous ceux qui s&rsquo;int\u00e9ressent \u00e0 la richesse du patrimoine religieux. Plongez dans ce voyage captivant et d\u00e9couvrez le riche h\u00e9ritage de Saint Ursmer qui perdure \u00e0 travers ces magnifiques \u0153uvres d&rsquo;art.<\/p>\n<p>Textes<\/p>\n<p>Patrick Martin:<br \/>\n\u00ab\u00a0Les reliques de saint Ursmer. Un aper\u00e7u historique\u00a0\u00bb<\/p>\n<p>Jean Heuclin et Sabine Racinet :<br \/>\n\u00ab\u00a0Les Vies de saint Ursmer (644-713) et de saint Ermin (665-737), premiers abb\u00e9s de Lobbes par Anson+( 800). Edition et traduction\u00a0\u00bb<\/p>\n<p>J\u00e9r\u00f4me Verdoot :<br \/>\n\u00ab\u00a0Saint Ursmer et la communaut\u00e9 monastique de Saint-Pierre de Lobbes\u00a0\u00bb<\/p>\n<p>D\u00e9borah Lo Mauro : notices.<\/p>\n<p class=\"has-text-align-left has-small-font-size\">240 pages, 26 x 20 cm<br \/>\nHardcover avec dorure.<\/p>\n<p class=\"has-text-align-left has-small-font-size\">\u00a9 Spectr3 Editions<\/p>\n<p class=\"has-text-align-left has-small-font-size\">Septembre 2023<br \/>\nISBN: 978-2-8052-0912-3<\/p>\n","protected":false},"excerpt":{"rendered":"<p>Une exploration fascinante de la vie, du culte et des repr\u00e9sentations artistiques de ce saint embl\u00e9matique. Plongez dans l&rsquo;univers riche de Saint Ursmer \u00e0 travers une analyse approfondie de statues, de reliquaires et d&rsquo;autres tr\u00e9sors artistiques. Voyagez dans le temps pour comprendre l&rsquo;\u00e9volution de son culte et son impact sur la culture religieuse.<\/p>\n","protected":false},"featured_media":71,"template":"","meta":[],"product_brand":[],"product_cat":[21],"product_tag":[],"class_list":{"0":"post-100","1":"product","2":"type-product","3":"status-publish","4":"has-post-thumbnail","6":"product_cat-non-classe","8":"first","9":"outofstock","10":"taxable","11":"shipping-taxable","12":"purchasable","13":"product-type-simple"},"jetpack_sharing_enabled":true,"_links":{"self":[{"href":"https:\/\/spectr3.be\/index.php\/wp-json\/wp\/v2\/product\/100","targetHints":{"allow":["GET"]}}],"collection":[{"href":"https:\/\/spectr3.be\/index.php\/wp-json\/wp\/v2\/product"}],"about":[{"href":"https:\/\/spectr3.be\/index.php\/wp-json\/wp\/v2\/types\/product"}],"wp:featuredmedia":[{"embeddable":true,"href":"https:\/\/spectr3.be\/index.php\/wp-json\/wp\/v2\/media\/71"}],"wp:attachment":[{"href":"https:\/\/spectr3.be\/index.php\/wp-json\/wp\/v2\/media?parent=100"}],"wp:term":[{"taxonomy":"product_brand","embeddable":true,"href":"https:\/\/spectr3.be\/index.php\/wp-json\/wp\/v2\/product_brand?post=100"},{"taxonomy":"product_cat","embeddable":true,"href":"https:\/\/spectr3.be\/index.php\/wp-json\/wp\/v2\/product_cat?post=100"},{"taxonomy":"product_tag","embeddable":true,"href":"https:\/\/spectr3.be\/index.php\/wp-json\/wp\/v2\/product_tag?post=100"}],"curies":[{"name":"wp","href":"https:\/\/api.w.org\/{rel}","templated":true}]}}